is o(g)?
15
Let b = -48 + 50. Suppose 4*u - b*u - 5 = h, -5*u = h - 9. Let a(m) = -33*m**2 + 37*m**u + 2*m + 19*m**2 - m. Give a(-1).
22
Let m(z) = 4*z. Let g = -333 + 335. Let t be 45/(-45) - 1/(-1)*g. Give m(t).
4
Let w(n) be the first derivative of 2*n**3/3 - n**2/2 - 12*n - 7450. Calculate w(3).
3
Let c(x) = 12 + 15 - 27 + 5*x + 9. Let i be c(-2). Let s(w) = -6*w**3 + w**2 + w. Calculate s(i).
6
Let o(l) = l**3 + l**2 - 9. Let s(m) = 5*m - 138. Let x be s(-7). Let b = x + 173. What is o(b)?
-9
Let b(l) = l - 16. Let k be b(10). Let c be 2/k - 1/((-18)/(-1002)). Let d = -50 - c. Let j(m) = m**2 - 7*m + 5. What is j(d)?
-1
Let t(p) be the first derivative of 3*p**2/2 - 41*p + 25. Let s be t(15). Let q(r) = -20*r**3 - 2 - s*r + 21*r**3 + 16*r**2 - 14*r**2. Determine q(-3).
1
Let o be (1 - 1) + -11 + 13. Let j(i) = -2 + 2*i - i + o*i - 4*i. Calculate j(3).
-5
Let b(o) = 2*o**3 + 39*o**2 - 22*o - 44. Suppose -3*j = -4*n + 7 + 21, 84 = -5*j + 2*n. Calculate b(j).
-4
Let r(k) = 2022*k - 653*k - 668*k - 194 - 679*k. Determine r(9).
4
Let x be 3/12 - (-31)/4. Suppose b - 5 = 5*n + 13, -4*n + 4*b = x. Let h be -7 + 6/n*12/9. Let f(m) = -m - 4. Calculate f(h).
5
Suppose 68*i - 22 - 46 = 0. Let v(a) = 53*a**3 - a**2 + 2*a - 2. Give v(i).
52
Let f(u) = -u**3 + 23*u - 14. Let x(m) = -6*m**3 + m**2 + 138*m - 83. Let q(g) = -13*f(g) + 2*x(g). Determine q(-6).
10
Let v(t) = t - 1. Let r be (-9)/(12/4) - -11. Suppose 11*q = r*q + 6. Let d = -5 + q. Give v(d).
-4
Let y(b) = -b**2 - 18*b + 83. Suppose -10*t - 8*t + 764 = 692. Calculate y(t).
-5
Let y(g) be the third derivative of 0 - 1/24*g**4 - 1/24*g**5 + 0*g + 17*g**2 - 5/6*g**3. Let m(f) be the first derivative of y(f). Give m(1).
-6
Let z = 242 - 141. Let i = z + -99. Suppose j = 3*s - 2, -i*s + 7*j - 2*j - 16 = 0. Let l(b) = b**3 - b. Give l(s).
6
Let k(f) = -1 + 8 + 1000*f - 986*f. Let y(p) = 7*p + 4. Let q(z) = -z**3 - 10*z**2 - 9*z + 7. Let m be q(-9). Let x(u) = m*y(u) - 4*k(u). Determine x(1).
-7
Let t = 642 + -655. Let x(y) = -20*y - 254. Let a be x(t). Let f(m) = -6*m + 3*m + 6 + 6*m**2 - m**3 + m. Calculate f(a).
-6
Let u(t) = -t**3 - t**2 + t + 1. Suppose -9*b - 242 = -10*b. Suppose b = -5*n + 2*j, 2*n + n = -j - 154. Let x = n - -49. Give u(x).
0
Let d(q) = -287*q + 15*q**2 + 146*q - q**3 + 7 + 138*q + 18*q**2 - 4 - 38*q**2. Let z be 3/(3/2) + -5. Let r = -7 - z. Calculate d(r).
-1
Let b = -116 + 118. Let m(r) = -25*r + 23*r - 5*r**3 + 5 + 4*r**b - 6*r**3 + 10*r**3. Give m(4).
-3
Let k(o) = 207 + o**2 + 11*o - 419 + 216. What is k(-11)?
4
Let f be ((-2)/7 + (-78)/(-126))*21. Suppose -23*q - f = -30*q. Let b(u) be the second derivative of -4*u**4/3 - u**3/6 - u. Give b(q).
-17
Suppose -3*s - 40 - 386 = 0. Let u = s - -140. Let w(p) be the first derivative of p**3 + 3*p**2/2 + p + 6. What is w(u)?
7
Let o be 6 + 0 - ((-903)/(-105) - 2/(-5)). Let b(s) be the third derivative of s**6/120 + s**5/20 + s**4/12 - s**3/6 - 2*s**2. Determine b(o).
-7
Let o(z) = -153259 - 23*z + 19*z + 153295. Determine o(13).
-16
Suppose -3*g - 2*g = 5*s, -3*g = -s - 16. Let j(r) = -12*r**3 + 217*r + 13*r**3 - 429*r + 214*r - 5*r**2. What is j(g)?
-8
Let t(n) = -7*n + 2. Let j(i) = -36*i + 12. Let f(m) = j(m) - 5*t(m). What is f(2)?
0
Let j(f) = -f**3 + 19*f**2 - 53*f + 60. Let v be j(16). Let n(i) = i**2 + 16*i - 93. Calculate n(v).
-13
Let s(i) = i**2 + 11*i + 28. Let m be s(-7). Let z(l) = l**2 + 2*l + 2. Let k be z(m). Let y(j) = -3*j + 4 + k + 0 + 4*j. Give y(0).
6
Let i(m) be the third derivative of -m**6/120 + 11*m**5/60 - 5*m**4/24 - 2*m**3 - 64*m**2 - 3*m - 3. Determine i(5).
113
Let x = -546 - -554. Let g be x/32 + (-23)/(-4). Let o(z) = 2 + 1 - 8*z + z**2 + 0*z**2. What is o(g)?
-9
Let u(g) = 36*g + 96. Let d(n) = -21*n - 53. Let l(h) = -7*d(h) - 4*u(h). Give l(-6).
-31
Let j(g) be the second derivative of 0 + 1/6*g**4 + 0*g**2 + 1/3*g**3 + 89*g. What is j(-2)?
4
Suppose -2*o = 37 - 43. Suppose 0 = o*a + 5*g - 8, -3*g + 7*g = 2*a - 42. Let m(x) = -x**3 + 10*x**2 + 9*x + 5. Calculate m(a).
-17
Suppose -13*g + 244 = 10. Let z(v) = -g*v**2 + 18 + 19*v**2 - 20 - 3*v. Let c be 2 + 2 - (-2)/(-2). Calculate z(c).
-2
Let l(m) = -m + 20. Let z be l(19). Let d = -164 - -166. Let t(k) = 0*k**d + 2*k**3 + 2*k + 5*k**3 + 4*k**3 - 2*k**2 - 1. Give t(z).
10
Suppose 0 = -2*q - 3*k + 24, 2*k - 7 = -2*q + 13. Let p(n) = -n**3 + 4*n**2 + 17*n - 15. Determine p(q).
15
Let b(v) = 3*v**2 - 2. Suppose -3*z + 9*n = 8*n + 2, 4*n = -4*z + 8. Suppose z = -3*f + y - 1, -3*f - 5*y = -y + 26. What is b(f)?
10
Let z(i) = 189*i**2 + 2 - 5*i + 3*i - 188*i**2 - i. Suppose 5*w + 0*w - 30 = 0. Give z(w).
20
Let a(t) be the first derivative of 16*t**2 + 738*t + 7022. Calculate a(-23).
2
Let y(a) = -30*a - 10. Let l(h) = -46*h - 4. Let r(z) = -5*l(z) + 8*y(z). Calculate r(-18).
120
Let q be ((-182)/(-14) - 7) + 3/(-1). Let j(f) = -3*f - 7. Let u(p) = -2*p - 2. Let c(t) = q*u(t) - j(t). Let o(i) = -2*i - 4. Let s be o(-4). What is c(s)?
-11
Let o(l) = -77*l - 2633. Let s be o(-34). Let p(m) = m + 25. Calculate p(s).
10
Suppose 0 = -3*r - 25 + 1. Let p(d) be the second derivative of -d**5/20 - 3*d**4/4 - 4*d**3/3 + 5*d**2 + 2*d + 32359. Calculate p(r).
10
Suppose 6 = -p + 812*z - 809*z, -5*p = -3*z - 6. Let c(y) = y**2 + 3*y - 11. Let i(n) = n**2 + 2*n - 10. Let a(o) = 6*c(o) - 7*i(o). Determine a(p).
7
Let t(s) be the third derivative of -s**5/60 - s**4/12 + s**3/6 - s**2. Let k(f) be the first derivative of t(f). Suppose 195*z = 6639 - 7224. What is k(z)?
4
Let s(i) be the third derivative of 0*i + 0 + 7/12*i**4 + 22*i**2 + 1/6*i**3. Suppose -6*l - 2 + 8 = 0. Give s(l).
15
Let f = 269 + -262. Let u(b) = -b**3 + 6*b**2 + 6*b + 5. Give u(f).
-2
Let r = 63 - 59. Suppose t - 5*t - r*t = 0. Suppose 0 = -4*i + f - 0*f + 6, -4*i + 5*f - 2 = t. Let b(o) = -4*o**2 + o - 2. What is b(i)?
-16
Let z(v) = -18*v**2 + 2*v - 7. Let f(a) = -4 + 0 - a**2 + 5. Let w(y) = 6*f(y) + z(y). Let l(c) = -c**2 + 2*c + 256. Let p be l(17). Calculate w(p).
-23
Let l(k) be the second derivative of 0 + 64*k - 1/6*k**3 + 1/2*k**2. Suppose -n + 29 = -4*u, 0 = -4*n + 13 + 7. Calculate l(u).
7
Let v(k) = -k**3 - 7*k**2 + k + 8. Let b = -7 + 278. Let o = -278 + b. Determine v(o).
1
Let r be ((-100)/32 - 0) + (-23)/(-184). Let h(a) = 5*a + 7. Calculate h(r).
-8
Let z(v) = -2*v**2 + 28*v + 9. Let s be z(20). Let f be s/(-27) + 4/9. Let y(n) = -n**3 + 9*n**2 + n - 12. What is y(f)?
-3
Let p(m) = -2159*m + 6482. Let u be p(3). Let b(i) = -3*i - i**3 - 2*i - 3 + 9*i + 5*i**2. Calculate b(u).
17
Let b(i) = -40*i**2 + 60*i - 58. Let k(l) = 14*l**2 - 20*l + 20. Let n(g) = -6*b(g) - 17*k(g). Determine n(11).
30
Let i(d) = 543 - 204*d - 1171 + 428. Give i(-1).
4
Let q(x) = -x**3 - 10*x**2 + 11*x + 6. Let a = 7018 - 4768. Let m be 2/(-7) - a/210. Determine q(m).
6
Let r(p) = 55 + 60606*p - 60622*p + 28. Determine r(4).
19
Let u = -2317 + 2310. Let w(p) = -p**2 - 7*p + 12. Give w(u).
12
Suppose -7 = -4*l + 137. Let g(v) = -v**3 - 33*v**2 - 116*v + 5. Let b be g(-29). Suppose -9*c + l = -b*c. Let k(y) = y**2 - 11*y + 11. Give k(c).
-7
Let d = -2084 + 2080. Let r(y) = -7*y - 13. Determine r(d).
15
Let y(o) = -2*o**3 + o**2 + 69*o - 20. Suppose -432*q - 297*q - 7*q + 4416 = 0. Give y(q).
-2
Let v(x) = -440*x**3 + 12 + 875*x**3 + 7*x**2 - 436*x**3 + 6*x. What is v(8)?
-4
Let i(p) = -5*p**3 - 8*p**2 - 21*p - 20. Let n(j) = -j**3 + 2*j**2 - j + 1. Let r(o) = i(o) - 4*n(o). What is r(-15)?
6
Let m(f) = f**3 + 4*f. Let l(x) = 3*x**3 - 11*x**2 + 22*x - 33. Let t(v) = l(v) - 2*m(v). Calculate t(10).
7
Suppose -4*z = -5*z + 11*z + 7*z. Let x(a) = a**3 - a**2 + a - 101. Calculate x(z).
-101
Let l(q) = 3*q**2 + 9*q + 13. Let p be l(-2). Let o(t) = 10 + 3 + t - 4 - p. Calculate o(-7).
-5
Let q(k) be the second derivative of k**4/6 - 27*k**2/2 - 5786*k. Give q(-8).
101
Let p(s) = -s**2 + 18*s - 2*s**3 - 7*s**2 - 892 + 886 + 3*s**3. Calculate p(2).
6
Let n(i) = i**2 - 11*i + 2. Let s be n(10). Let j(u) be the first derivative of 77 + 11*u - 1/3*u**3 - 7/2*u**2. Determine j(s).
3
Let f(r) = -9 - 2 - 43 + 18*r - 34. Calculate f(5).
2
Let q(z) = -5*z + 61. Suppose 5*b = -g + 112, 0 = 505*g - 508*g + 21. Calculate q(b).
-44
Let o(h) = 94*h - 100. Let t(g) = 17*g - 20. Let y(x) = 2*o(x) - 11*t(x). Calculate y